tors of 89523056.
2, 7, 799313
List the prime factors of 390981343.
390981343
List the prime factors of 25605668.
2, 11, 581947
List the prime factors of 1862482928.
2, 2549, 45667
What are the prime factors of 134225543?
29, 109, 42463
List the prime factors of 49766845.
5, 9953369
What are the prime factors of 96569246?
2, 29, 1664987
What are the prime factors of 338065368?
2, 3, 1283, 10979
List the prime factors of 279025098.
2, 3, 11, 23, 397, 463
List the prime factors of 91083899.
37, 2461727
List the prime factors of 45934860.
2, 3, 5, 765581
List the prime factors of 732463286.
2, 53, 1181, 5851
What are the prime factors of 554551773?
3, 41, 53, 257, 331
What are the prime factors of 1943769749?
17, 19, 6017863
What are the prime factors of 3887298893?
3887298893
List the prime factors of 132678733.
11, 12061703
What are the prime factors of 1489333371?
3, 73, 6800609
What are the prime factors of 40195143?
3, 151, 9859
List the prime factors of 4578361.
4578361
List the prime factors of 135910537.
7, 379, 51229
What are the prime factors of 1092200282?
2, 546100141
List the prime factors of 11221026.
2, 3, 67, 103, 271
What are the prime factors of 16515451?
16515451
What are the prime factors of 7200906294?
2, 3, 2543, 471943
List the prime factors of 11156058.
2, 3, 23, 26947
List the prime factors of 133311946.
2, 271, 245963
What are the prime factors of 4077059517?
3, 83, 2207, 2473
What are the prime factors of 80864834?
2, 113, 357809
List the prime factors of 83463877.
7, 941, 12671
What are the prime factors of 60730814?
2, 29, 131, 7993
What are the prime factors of 578836?
2, 144709
List the prime factors of 2455275540.
2, 3, 5, 293, 139663
List the prime factors of 164051804.
2, 7, 569, 1471
List the prime factors of 135869352.
2, 3, 73, 77551
What are the prime factors of 5516559964?
2, 1379139991
What are the prime factors of 2510399195?
5, 79, 2521
List the prime factors of 116408561.
7247, 16063
List the prime factors of 12787944.
2, 3, 13, 17, 2411
List the prime factors of 49628935.
5, 53, 137, 1367
What are the prime factors of 788501042?
2, 7, 23, 353, 991
What are the prime factors of 3165707712?
2, 3, 16488061
What are the prime factors of 608053?
113, 5381
List the prime factors of 109087151.
19, 1733, 3313
List the prime factors of 4221232.
2, 263827
What are the prime factors of 239303919?
3, 3371, 23663
What are the prime factors of 549371182?
2, 43, 53, 2803
What are the prime factors of 18720496?
2, 1170031
What are the prime factors of 33904578?
2, 3, 47, 251, 479
List the prime factors of 565626419.
23, 1531, 16063
What are the prime factors of 3279442771?
11, 283, 1053467
What are the prime factors of 50440677?
3, 7, 43, 83, 673
What are the prime factors of 673048927?
2207, 304961
What are the prime factors of 215031439?
7, 23, 47, 157, 181
List the prime factors of 1420261227.
3, 7, 11, 292777
What are the prime factors of 2751630868?
2, 7, 41, 342413
What are the prime factors of 985147283?
19, 4513, 11489
What are the prime factors of 485982666?
2, 3, 13, 230761
What are the prime factors of 1589667668?
2, 397416917
List the prime factors of 468897413.
31, 43, 53, 6637
What are the prime factors of 2514356426?
2, 1257178213
List the prime factors of 42435546.
2, 3, 7072591
List the prime factors of 1890867464.
2, 197, 1199789
List the prime factors of 1699707099.
3, 566569033
What are the prime factors of 104756788?
2, 17, 1540541
What are the prime factors of 66886083?
3, 11, 675617
What are the prime factors of 391825028?
2, 7, 41, 341311
List the prime factors of 367338792.
2, 3, 757, 20219
What are the prime factors of 92608267?
4177, 22171
What are the prime factors of 59566664?
2, 1019, 7307
List the prime factors of 205666365.
3, 5, 2281, 6011
List the prime factors of 210918203.
31, 367, 18539
What are the prime factors of 112385895?
3, 5, 17, 137, 3217
What are the prime factors of 148094335?
5, 563, 52609
List the prime factors of 8618109588.
2, 3, 11, 89, 81509
What are the prime factors of 518401051?
7, 74057293
List the prime factors of 21462702.
2, 3, 101, 107, 331
List the prime factors of 168483184.
2, 19, 53, 10457
List the prime factors of 137543488.
2, 2149117
List the prime factors of 1579546762.
2, 433, 1823957
List the prime factors of 4376356733.
7, 17, 61, 602887
List the prime factors of 501550392.
2, 3, 7, 37, 80687
List the prime factors of 28505548.
2, 19, 157, 2389
List the prime factors of 50414411.
50414411
List the prime factors of 473940569.
17, 59, 472523
What are the prime factors of 5134862?
2, 71, 36161
List the prime factors of 53441491.
41, 47, 27733
List the prime factors of 203294667.
3, 67764889
List the prime factors of 290865414.
2, 3, 7, 19, 389, 937
What are the prime factors of 145753027?
7, 37, 562753
What are the prime factors of 11094475?
5, 7, 63397
What are the prime factors of 1913091485?
5, 83, 1117, 4127
List the prime factors of 322938203.
7, 73, 521, 1213
List the prime factors of 4470612422.
2, 17203, 129937
What are the prime factors of 98925190?
2, 5, 7, 13, 108709
List the prime factors of 106033989.
3, 4363, 8101
What are the prime factors of 58471955?
5, 11694391
What are the prime factors of 260959634?
2, 13, 1283, 7823
What are the prime factors of 233410945?
5, 271, 172259
What are the prime factors of 961023623?
7, 19612727
List the prime factors of 64463109.
3, 2293, 9371
What are the prime factors of 136965322?
2, 13, 23, 233, 983
List the prime factors of 53192167.
7, 17, 197, 2269
List the prime factors of 72492064.
2, 2265377
What are the prime factors of 4248233195?
5, 849646639
List the prime factors of 72709387.
73, 996019
List the prime factors of 34520861.
23, 53, 28319
What are the prime factors of 251421268?
2, 7, 8979331
List the prime factors of 115052013.
3, 12783557
List the prime factors of 14764258.
2, 37, 127, 1571
List the prime factors of 10642871.
2129, 4999
List the prime factors of 22462844.
2, 701, 8011
What are the prime factors of 32985272?
2, 619, 6661
List the prime factors of 679582938.
2, 3, 3019, 37517
What are the prime factors of 31979604?
2, 3, 2664967
What are the prime factors of 220366739?
53, 4157863
List the prime factors of 12985694.
2, 6492847
What are the prime factors of 126739467?
3, 37, 107, 3557
What are the prime factors of 21254523?
3, 41, 172801
What are the prime factors of 4280467439?
4280467439
What are the prime factors of 149585329?
17, 8799137
List the prime factors of 33201829.
33201829
What are the prime factors of 249358077?
3, 47, 139, 4241
List the prime factors of 117204430.
2, 5, 7, 109, 15361
What are the prime factors of 208111174?
2, 73, 379, 3761
List the prime factors of 95432406.
2, 3, 743, 21407
List the prime factors of 1307189213.
11, 1801, 65983
What are the prime factors of 1772795394?
2, 3, 17, 5793449
List the prime factors of 421311367.
41, 10275887
List the prime factors of 225185408.
2, 7, 251323
What are the prime factors of 1221139863?
3, 71, 1911017
List the prime factors of 400545877.
6577, 60901
What are the prime factors of 84268734?
2, 3, 11, 23, 43, 1291
List the prime factors of 580187705.
5, 19, 107, 57077
List the prime factors of 118292860.
2, 5, 7, 19, 6353
List the prime factors of 544804.
2, 13, 10477
List the prime factors of 74640844.
2, 18660211
What are the prime factors of 129284279?
129284279
List the prime factors of 323012194.
2, 161506097
List the prime factors of 234397232.
2, 23, 157, 4057
List the prime factors of 385095637.
5021, 76697
List the prime factors of 123605050.
2, 5, 113, 131, 167
List the prime factors of 1442812312.
2, 313, 576203
What are the prime factors of 95693112?
2, 3, 521, 2551
What are the prime factors of 3801827?
3801827
What are the prime factors of 72145341?
3, 8016149
What are the prime factors of 23179290?
2, 3, 5, 521, 1483
List the prime factors of 167283790.
2, 5, 19, 149, 311
What are the prime factors of 93131076?
2, 3, 241, 32203
List the prime factors of 21840334.
2, 1223, 8929
List the prime factors of 2788695.
3, 5, 7, 13, 227
List the prime factors of 3552142914.
2, 3, 173, 409, 2789
What are the prime factors of 526925433?
3, 1193, 147227
What are the prime factors of 881224543?
1667